+ 22*c**2 - 27*c + 53. Calculate x(-23).
145
Let m(f) = 3*f**2 + 3*f + 2. Determine m(-1).
2
Let k(p) = -2*p**3 + 29*p**2 + 5*p - 15. What is k(15)?
-165
Let s(l) = -23*l - 15. What is s(2)?
-61
Let h(b) = -b**2 - 9*b + 19. Calculate h(-12).
-17
Let p(v) = v**3 - 5*v**2 + 2*v + 1. Give p(2).
-7
Let g(f) = 3*f**2 + 121*f + 342. Determine g(-3).
6
Let o(f) = f**3 - 9*f**2 - 36*f + 6. Determine o(12).
6
Let j(l) = -l**2 - 19*l + 16. Calculate j(-18).
34
Let x(k) = 3*k - 29. What is x(0)?
-29
Let b(n) = n - 17. Give b(11).
-6
Let j(w) = -6*w - 20. What is j(-6)?
16
Let v(q) = -q**3 - 34*q**2 + 8*q + 268. Give v(-34).
-4
Let c(q) = -4*q + 6. Give c(-7).
34
Let i(w) = -29*w**2 + 168*w + 30. What is i(6)?
-6
Let w(k) = -k**3 - 5*k**2 - 4*k - 27. Give w(-6).
33
Let w(f) = f**2 - 25*f + 52. Calculate w(22).
-14
Let o(n) = 20*n**2 + 117*n - 22. Give o(-6).
-4
Let y(x) = -x**2 + 10*x + 13. Determine y(11).
2
Let d(b) = 2*b - 52. Give d(-16).
-84
Let d(i) = -i**2 - 24*i - 11. Give d(-23).
12
Let g(u) = 14*u**3 - u. Give g(1).
13
Let j(t) = 8*t**2 + 2*t - 2. Determine j(1).
8
Let u(o) = 2*o**2 - 39*o + 14. Calculate u(17).
-71
Let u(l) = -l**3 - 12*l**2 - 10*l - 10. Give u(-11).
-21
Let a(y) = -y**3 - 5*y**2 - 2*y + 6. Give a(-5).
16
Let s(x) = -x**3 + x**2 - 3*x - 1. Give s(-2).
17
Let v(n) = -n**2 + 15*n - 12. Calculate v(11).
32
Let m(z) = z**3 - 11*z**2 + z - 8. Determine m(11).
3
Let c(i) = -i**3 + 7*i**2 + 4*i - 7. What is c(7)?
21
Let t(m) = m**3 + 13*m**2 - 14*m - 8. Calculate t(-14).
-8
Let x(v) = -3*v**2 - v - 1. Give x(-1).
-3
Let j(s) = -85*s - 509. Determine j(-6).
1
Let b(y) = -y**2 - 13*y + 22. Determine b(-15).
-8
Let c(j) = -j**2 - 3*j - 20. Determine c(8).
-108
Let s(n) = n**2 + 8*n - 94. Determine s(7).
11
Let d(y) = -43*y + 612. Give d(14).
10
Let z(v) = 3*v**3 - 2*v**2 + 4*v + 4. Calculate z(-1).
-5
Let i(c) = 12*c**3 - 2*c**2 + 2. Give i(2).
90
Let g(n) = -n**2 + 18*n - 27. Determine g(12).
45
Let v(y) = 2*y + 6. Give v(-8).
-10
Let s(r) = -2*r**2 - 55*r + 120. Give s(-30).
-30
Let b(i) = -6*i + 15. Calculate b(-3).
33
Let h(q) = -21*q**2 + 189*q + 4. Give h(9).
4
Let g(y) = y**3 - 9*y**2 + y + 5. What is g(9)?
14
Let r(i) = i**2 - 13*i + 24. Give r(10).
-6
Let t(o) = -o**2 - 14*o - 31. Calculate t(-13).
-18
Let k(d) = -48*d**3 - d**2 + 1. Calculate k(-1).
48
Let h(m) = -6*m - 10. Determine h(-7).
32
Let l(i) = 2*i**2 + 6*i - 2. Calculate l(-5).
18
Let f(o) = 5*o**2 + 6*o - 20. Calculate f(2).
12
Let x(j) = 2*j**2 + 10*j - 3. What is x(0)?
-3
Let n(d) = d**3 + 5*d**2 + 5*d + 7. Calculate n(-5).
-18
Let y(u) = -5*u**3 + 2*u + 2. Give y(-1).
5
Let k(x) = -9*x + 75. Calculate k(8).
3
Let v(a) = -a**3 - 7*a**2 - 2*a - 15. Give v(-7).
-1
Let h(x) = 4*x + 20. What is h(-9)?
-16
Let o(n) = n**3 - 7*n**2 - 6*n - 25. Give o(8).
-9
Let p(y) = -y**2 - 7*y + 2. What is p(4)?
-42
Let o(p) = p**3 - 16*p**2 - 40*p + 395. What is o(17)?
4
Let c(q) = -11*q - 23. Calculate c(-5).
32
Let s(o) = o**2 - 3*o - 5. Give s(-5).
35
Let i(p) = p**3 - 13*p**2 + 16*p + 4. What is i(11)?
-62
Let c(w) = w**3 - 6*w**2 - 5*w + 5. Determine c(6).
-25
Let b(x) = x**3 + 3*x**2 - 5*x + 1. Give b(-4).
5
Let k(m) = -m**2 + 7*m - 20. Give k(5).
-10
Let l(n) = n**2 + n - 3. Give l(-3).
3
Let z(n) = n**2 - 5. Determine z(0).
-5
Let q(z) = -z**2 + 16*z + 1. Give q(15).
16
Let v(g) = g**2 - 55*g - 138. Give v(57).
-24
Let b(t) = t**2 - 6*t - 16. Calculate b(7).
-9
Let i(t) = -5*t - 14. Give i(-4).
6
Let k(i) = -i**3 + 9*i**2 - 7*i - 11. Calculate k(8).
-3
Let k(n) = -8*n - 20. Determine k(10).
-100
Let o(p) = -p**3 - 23*p**2 + 22*p + 59. Determine o(-24).
107
Let f(l) = 2*l - 39. What is f(17)?
-5
Let l(w) = -w**3 - 4*w**2 + 9*w - 6. Calculate l(-7).
78
Let b(m) = -m**2 - 3*m + 3. What is b(0)?
3
Let p(j) = -8*j + 99. What is p(12)?
3
Let d(n) = n**3 - 4*n**2 - 2*n - 5. Give d(5).
10
Let a(r) = r**2 + 15*r + 15. What is a(-13)?
-11
Let p(z) = -3*z**3 - 2*z**2 + 3*z + 3. What is p(-2)?
13
Let y(d) = d**2 - 30*d - 54. Calculate y(31).
-23
Let u(i) = 3*i**3 + 22*i**2 - 11*i + 2. Give u(-8).
-38
Let m(b) = 4*b**2 - 11*b - 9. Determine m(4).
11
Let h(g) = 2*g**2 - 13*g + 10. What is h(7)?
17
Let d(k) = 17*k + 47. What is d(-4)?
-21
Let z(q) = q**3 + 17*q**2 - 197*q - 12. Calculate z(8).
12
Let s(h) = -h**2 - 5*h + 12. Determine s(-9).
-24
Let d(k) = k**3 - 11*k**2 - 15*k + 33. Give d(12).
-3
Let q(i) = -i**2 - 43*i - 368. Calculate q(-12).
4
Let x(h) = 19*h - 233. Calculate x(13).
14
Let z(s) = -13*s + 311. Give z(24).
-1
Let w(u) = -4*u + 61. Determine w(19).
-15
Let z(c) = -c - 12. What is z(-5)?
-7
Let g(f) = -f**3 - 3*f**2 + 7*f + 5. Give g(-4).
-7
Let u(p) = 3*p - 13. Determine u(6).
5
Let g(b) = 3*b - 31. Determine g(11).
2
Let v(a) = -a**3 - a**2 + a + 13. Determine v(0).
13
Let v(c) = 6*c - 68. Give v(12).
4
Let q(g) = 11*g**2 + 3*g + 7. Determine q(3).
115
Let t(d) = -d**3 + d - 1. Give t(3).
-25
Let l(p) = -24*p - 16. Calculate l(-2).
32
Let g(j) = j**2 + 11*j + 2. What is g(-12)?
14
Let q(f) = f**3 + 6*f**2 + 5*f - 8. Calculate q(-4).
4
Let x(r) = r**2 - 6*r. Determine x(6).
0
Let x(o) = -5*o. Determine x(2).
-10
Let s(u) = 8*u - 80. Determine s(10).
0
Let k(s) = 6*s + 83. What is k(-19)?
-31
Let m(u) = -6*u**2 - 9*u + 10. What is m(1)?
-5
Let v(t) = -t**2 - 22*t - 55. Give v(-18).
17
Let a(c) = -c**3 + 14*c**2 - 15*c + 25. Give a(13).
-1
Let o(n) = -n**3 + 6*n**2 + 5*n - 5. Calculate o(5).
45
Let q(m) = -7*m + 62. What is q(8)?
6
Let p(l) = l**2 - 24*l - 38. Calculate p(25).
-13
Let t(u) = 3*u**3 - 3*u**2 + 2*u + 1. Determine t(2).
17
Let h(d) = 2*d**2 + d + 1. Determine h(5).
56
Let m(g) = -g**2 + 6. What is m(-5)?
-19
Let b(y) = y - 6. Calculate b(6).
0
Let b(d) = -2*d + 91. Determine b(48).
-5
Let h(z) = -z**2 - 4*z - 4. Determine h(-2).
0
Let l(w) = -7*w**2 + 4*w - 3. Give l(3).
-54
Let u(r) = 48*r + 8. What is u(0)?
8
Let g(y) = 2*y**3 - 3*y**2 + y + 2. Determine g(-1).
-4
Let z(x) = x**3 - 5*x**2 - 4*x + 12. Give z(5).
-8
Let t(b) = -b**2 + 3*b + 10. Give t(-5).
-30
Let b(u) = -20*u - 51. Determine b(-4).
29
Let k(x) = x**3 - 6*x**2 + 3*x + 5. Determine k(5).
-5
Let q(a) = -a**3 - 33*a**2 - 37*a - 156. Calculate q(-32).
4
Let r(d) = 5*d - 10. Determine r(-6).
-40
Let a(b) = b**2 - 5*b - 6. Calculate a(6).
0
Let q(x) = -14*x**3 - 2*x**2 - 2*x - 1. Calculate q(-1).
13
Let r(u) = -u + 13. What is r(14)?
-1
Let z(r) = -r**3 - 13*r**2 - 13*r - 18. Calculate z(-12).
-6
Let w(m) = -6*m. Calculate w(-1).
6
Let f(n) = -3*n**2 - 28*n + 192. Give f(-14).
-4
Let s(p) = 6*p**2 + 243*p - 118. What is s(-41)?
5
Let b(a) = -a**3 - a + 1. Determine b(-2).
11
Let b(v) = -v**2 - 6*v - 2. What is b(-7)?
-9
Let x(y) = -2*y**2 + 37*y + 53. Determine x(20).
-7
Let m(n) = -84*n**3 - n**2 - 3*n + 3. Give m(1).
-85
Let y(w) = w**2 + 18*w + 30. Determine y(-21).
93
Let l(o) = -2*o**3 - 13*o**2 + o + 19. Calculate l(-5).
-61
Let i(v) = v. What is i(0)?
0
Let s(p) = 2*p**3 - 2*p**2 - 3*p + 1. What is s(-2)?
-17
Let t(w) = -2*w + 1. Calculate t(4).
-7
Let w(m) = 23*m - 70. Determine w(3).
-1
Let a(q) = q**3 + 5*q**2 - 7*q + 4. Determine a(-6).
10
Let m(p) = -4*p + 3. Calculate m(0).
3
Let y(t) = -3*t + 1. Calculate y(-1).
4
Let t(w) = w**2 - 20*w - 3. Determine t(14).
-87
Let i(p) = -p**3 - 3*p**2 + 13*p - 5. What is i(2)?
1
Let i(j) = -j**3 - 13*j**2 + 22*j + 111. What is i(-14)?
-1
Let z(g) = 6*g**2 - 5*g + 1. Give z(1).
2
Let h(u) = -5*u + 2. Give h(1).
-3
Let m(i) = i**2 - 9*i + 8. Determine m(6).
-10
Let l(k) = -2*k**2 - 4*k + 8. Give l(-4).
-8
Let v(p) = -2*p**3 + 10*p**2 + 14*p - 12. Give v(6).
0
Let s(r) = -12*r**3 + r**2 - 2*r - 2. Calculate s(-1).
13
Let o(i) = -2*i - 40. What is o(-28)?
16
Let u(h) = h**2 - 20*h - 24. What is u(21)?
-3
Let u(a) = -a**2 + 25*a - 68. Give u(20).
32
Let a(l) = -l**2 - 18*l - 46. Calculate a(-15).
-1
Let c(s) = -s**3 - 7*s**2 - s - 13. What is c(-6)?
-43
Let c(j) = -j**3 - 7*j**2 + 2*j + 7. Give c(-8).
55
Let a(q) = -26*q**3 + q**2. Determine a(-1).
27
Let h(l) = l**2 - 24*l + 12. Determine h(21).
-51
Let j(h) = -h**3 - 10*h**2 - h - 14. What is j(-10)?
-4
Let b(g) = 2*g - 32. Determine b(23).
14
Let a(k) = 3*k**2 - 4*k - 6. What is a(3)?
9
Let p(b) = -b**3 + b**2 - b - 11. Calculate p(0).
-11
Let w(l) = 3*l**2 + 5*l - 6. Calculate w(2).
16
Let j(w)